
6
Suppose 120*l - 3*p - 1677 = 119*l, -3*l = 2*p - 5042. What is the units digit of l?
0
Suppose 21888 = 9*z - 15309. What is the tens digit of z?
3
Let s = 2 + 4. Suppose 2*a = 2*l + s, -5*a + l + 33 = 5*l. Suppose -20 - 25 = -5*f - 2*n, -5*n = -a*f + 10. What is the units digit of f?
7
What is the tens digit of 77246/39 + (-4)/(-3)?
8
Let r(x) = -19 - 15 - 16*x + 2 - 9. What is the units digit of r(-12)?
1
Let c be 147/1 - 0/1. Let q = -78 + c. What is the tens digit of q?
6
Let f(k) = -24*k - 95. What is the tens digit of f(-12)?
9
Suppose -3*m - 24 = -5*q, -m + 3 = -q - 3*m. Suppose 0 = 4*u - q*a - 302, -6*u + 2*u + 294 = a. What is the units digit of u?
4
Suppose u - 18 = -2*o + 109, 5*o - 2*u = 295. What is the tens digit of o?
6
Suppose -4*n = -3*z + 92, z - 33 - 6 = 3*n. Let w = z + -40. What is the units digit of (-244)/(w/4) - 2?
9
What is the units digit of (-9 + 5)*(-2 - 0 - 90)?
8
Let u = 2005 + -1026. What is the hundreds digit of u?
9
Let o = 21 + -16. Suppose o*v - 1 = -4*n + 4, -n = -v + 10. Let x(r) = 2*r - 2. What is the units digit of x(v)?
8
Suppose 4*o - 60 = 3*l, 3*o - 4*l - 52 = -0*l. Let s = o - 4. Let f = -2 + s. What is the units digit of f?
6
Let f(h) = -h**3 - 7*h**2 - h - 14. Let y be f(-7). Let t(s) = 5*s**2 - 7*s + 14. What is the tens digit of t(y)?
0
Let u be ((-3 - 1) + 176/48)*-15. Suppose -2*b + 2*f + 187 = -b, -u*b - f + 902 = 0. What is the hundreds digit of b?
1
Suppose 5*k - 17 = -2, 5*t + 3*k = 324. Let b = t + -4. What is the units digit of b?
9
Suppose -3*s - 34 = -10. What is the tens digit of (-930)/s - 1/4?
1
Let n = -754 + 1066. Suppose -n = -4*o + o. What is the hundreds digit of o?
1
Suppose 52*h = 54*h - 6. What is the units digit of h?
3
Suppose x - 5*x + 20 = 0. Suppose -3*p - 13 = -x*q, q + q + 4*p - 26 = 0. Suppose -4*j + 112 = q*v - 18, 2*j = 3*v - 56. What is the units digit of v?
2
Let n = -10 - -12. Suppose -4 = -3*z + n. Suppose -z*h + 4*a = -32, 2*h + 2*a = -2*h + 44. What is the units digit of h?
2
Suppose -2*r + 10 - 20 = 0. Let z(c) = -10*c - 8. What is the units digit of z(r)?
2
Let x be (-49)/(-6) - 6/36. Let d be (-100)/x*(-4)/5. Suppose 19 + d = 3*n - 5*k, 92 = 4*n + 4*k. What is the tens digit of n?
1
Let t = -833 - -332. Let i = -283 - t. What is the units digit of i?
8
Suppose 0 = -234*c + 242*c - 14080. What is the tens digit of c?
6
Suppose -m + 4 = -3*o + 5, 0 = 4*o. What is the hundreds digit of (2493/(-27))/(m*1/3)?
2
Let z(w) = 52*w**3 - 7*w**2 + 3*w + 9. What is the thousands digit of z(4)?
3
Suppose 0 = -k - 25 - 57. Let f = k - -164. What is the units digit of f?
2
Let y = 70 - -29. Suppose 0 = 5*h - 8*h + y. What is the units digit of h?
3
Suppose -22*t + 11570 = -12696. What is the thousands digit of t?
1
Suppose -j + 7 + 39 = 4*r, -5*r = 4*j - 228. Let t(h) = h + 7. Let u be t(-3). Suppose 0 = -2*k - u*n + j + 8, 4*k - 164 = 4*n. What is the units digit of k?
9
Let n(i) = i**3 + 4*i**2 + 4*i + 1273. What is the tens digit of n(0)?
7
Suppose -3020 = -5*o + 5*r, -1808 = -6*o + 3*o - r. What is the units digit of o?
3
Let r be (20/(-14))/(-2) - 30/(-105). What is the tens digit of (26 - -8)*(0 + (r - -1))?
6
Suppose 2*j - z = 1, -3*z + 6 = -3. Suppose -5*d + j*n = -55 - 24, 4*d - 71 = -n. What is the units digit of d?
7
Let m(u) = -358*u - 1 + 3 + 6 + 76*u. Let p be m(-4). What is the tens digit of (-4)/10 + p/40?
2
Let j(p) = 5*p**2 - 30*p + 27. What is the units digit of j(14)?
7
Let o(d) be the second derivative of -4*d**3/3 - d. Let q be o(-3). Suppose 0 = -r - r + q. What is the units digit of r?
2
Let g(z) = 2*z**3 - 2*z**2 + 5*z - 6. Let d be g(-4). What is the tens digit of (d/4)/(3/(-4))?
6
Let a be ((-1)/(-15) - (-21)/35)*-9. Let j be ((-306)/(-6))/(3/(-8)). What is the tens digit of (a/8)/(2/j)?
5
Suppose 0 = -3*b - 5*q + 25, -b - 4*q = 2 - 1. Suppose -16*m + 118 = -b*m. What is the units digit of m?
8
Suppose 7 = -5*w - 2*x + 122, -2*x + 10 = 0. Suppose 2*g - w = 145. What is the units digit of g?
3
Suppose 3*h - 24 = 2*h. Let r = h + -16. What is the units digit of r?
8
Suppose -4*c - 254 = -5*c. What is the tens digit of c/16 + 1/8?
1
Let v(i) = -i**2 - 4*i + 7. Let f = 27 - 32. Let u be v(f). Suppose -115 = -p - 4*p - 4*z, 0 = u*p + 4*z - 34. What is the tens digit of p?
2
Suppose 0 = -g + 3*g - 6. Let x = 71 - g. What is the tens digit of x?
6
Suppose 4*q - 3*q = -3*v + 2684, -2*q + 2680 = 3*v. What is the units digit of v?
6
What is the tens digit of (-14)/(-4)*5*580/175?
5
Let i(g) = 31*g**3 - 1. Suppose -3*t - 15 = u, 3*t + 4*u = 3 - 27. Let y be (t/(-14))/((-14)/(-49)). What is the units digit of i(y)?
0
Suppose -4*y = -y - 57. Suppose -x + 8 = -22. Let m = y + x. What is the tens digit of m?
4
Suppose -3824 = -4*z + 5*x, -939 = 3*z - 4*z - 3*x. What is the hundreds digit of z?
9
Let y(z) = -z**3 + 37*z**2 - 75*z + 45. What is the hundreds digit of y(32)?
7
What is the units digit of 6/(-75) + (-381048)/(-600)?
5
Suppose 11*y - 200 = 3*y. Let q = y + -19. What is the units digit of q?
6
Suppose 4*s = -5*y + 9972, -2*y + 4*s = 2*y - 7956. What is the units digit of y?
2
Suppose -2*x + 6*x - 26 = -2*v, -v - 2 = -x. What is the tens digit of ((-915)/x)/(6/(-4) + 0)?
2
Let s = 1983 + -1389. What is the tens digit of s?
9
Let x = 1047 + -522. What is the tens digit of x?
2
Let p(r) = r**2 + 4*r + 2. Let q(l) = -l**2 - 15*l - 19. Let t be q(-14). Let w(s) = -s - 9. Let i be w(t). What is the units digit of p(i)?
2
Let m = 82 - 31. Suppose -58 = -2*b + 3*v, 3*b - 22 - m = v. What is the tens digit of b?
2
Suppose -3*b = -2*i + 11, -i + 7*b + 25 = 12*b. Suppose 0 = -3*z - z. Let p = i + z. What is the units digit of p?
0
Let d(b) = 48*b + 39. Let m(i) = -i - 1. Let w(o) = d(o) + 9*m(o). What is the hundreds digit of w(3)?
1
Let v = 53 + -296. Let z = -30 - v. What is the tens digit of z?
1
Suppose -349 = -4*o + 3*f + 152, 0 = -2*o + 4*f + 248. What is the tens digit of o?
2
Suppose -3*v + x - 105 = 0, -5*v - 4*x + x = 161. Let y = v - 11. What is the units digit of (-1045)/y - 4/18?
3
Let m(g) = 0*g + g**3 + 9 - 41*g**2 + 48*g**2 + 4*g. What is the units digit of m(-6)?
1
Let c be (-4)/(12/(-9)) + -29. Let s = 9 - c. What is the units digit of s?
5
What is the units digit of 2 - (663/34)/(1/(-26))?
9
Let f = 766 + -7. What is the units digit of f?
9
Suppose k + 0*c + 2*c = 3, 0 = -4*k - c - 2. Let i be 4*k*(-2)/2. Suppose -i = -d - 3*u, 1 = -u - 0. What is the units digit of d?
7
Let v = -139 + 46. Let m = v - -177. What is the units digit of m?
4
Suppose 50 = -3*g + 38, m - 1115 = g. What is the hundreds digit of m?
1
Let p = -257 - -383. Suppose -12 = r - 4*r. Suppose r*y - 12 = y, -3*x + p = -3*y. What is the units digit of x?
6
Suppose -7*x = -21*x + 20048. What is the tens digit of x?
3
Let c(q) = 7*q**2 - q + 1. Suppose 5*k = 10 - 0. Suppose k*p + 0 - 4 = 0. What is the tens digit of c(p)?
2
Let y(i) = -i**3 + 3*i**2 + 5*i - 1. Let t be y(4). Suppose -u = -t*u + 8. Suppose 69 = u*z - z. What is the units digit of z?
3
Let v(q) = -8*q**3 + 2*q**2 - 4*q - 3. What is the tens digit of v(-2)?
7
Let l be -2 + (0 - -1) + 2. Suppose -r + 3 = -l. Suppose r*h = 9*h - 5*q - 85, -5 = -q. What is the units digit of h?
2
Let k be (126 - 0) + 4/(16/4). Suppose 4*j - 667 = -k. What is the tens digit of j?
3
Let f = 40 + -29. Suppose 0 = -5*u + 2*r + 210, -4*u - f = 5*r - 146. Let z = u - 23. What is the units digit of z?
7
Suppose -1833 = -11*v - 271. Suppose 0 = 8*p + v - 1062. What is the units digit of p?
5
Let v(r) = r + 15. Let u be v(-13). Suppose -3*d + u*d - 11 = 0. Let a = d - -21. What is the units digit of a?
0
Let f = 491 + -217. Suppose -4*z = 2*o - 4*o - f, -5*z - 2*o + 338 = 0. What is the tens digit of z?
6
Let j = 7 - 7. Suppose j = 7*s - 5*s. Suppose s = -10*f + 5*f + 180. What is the units digit of f?
6
Suppose 21*y - 3517 - 2153 = 0. What is the hundreds digit of y?
2
Suppose 0 = -4*z + 3*d + 14272, z = d + 446 + 3123. What is the tens digit of z?
6
What is the tens digit of 5*(-21)/(-70) - 5393/(-2)?
9
Suppose 3*k - 2*v = 156, 4*k = -2*v - v + 208. Suppose r - k - 32 = 0. What is the tens digit of r?
8
Let r(z) = -z**3 + 9*z**2 - 7*z - 2. Let u be r(8). Suppose 4 = 5*w - u. Suppose 0 = w*l - l - 45. What is the units digit of l?
5
Let 